{"id":19518,"date":"2022-12-11T10:28:44","date_gmt":"2022-12-11T09:28:44","guid":{"rendered":"https:\/\/www.bevmat.eu\/bevmatshop\/?post_type=product&#038;p=19518"},"modified":"2022-12-11T11:12:42","modified_gmt":"2022-12-11T10:12:42","slug":"isolierte-stiefel-klasse-2-175kv","status":"publish","type":"product","link":"https:\/\/www.bevmat.eu\/bevmatshop\/?product=isolierte-stiefel-klasse-2-175kv","title":{"rendered":"Isolierte Stiefel | Klasse 2 | 17,5kV"},"content":{"rendered":"<p>elektrische Isolation (Class 2): 17,5kV AC<br \/>\nelektrische Pr\u00fcfspannung: 20kV AC<br \/>\nFarbe: gelb<\/p>\n<p><img loading=\"lazy\" decoding=\"async\" src=\"https:\/\/www.bevmat.eu\/bevmatshop\/wp-content\/uploads\/2022\/12\/db2-300x46.jpg\" alt=\"\" width=\"300\" height=\"46\" class=\"alignnone size-medium wp-image-19526\" srcset=\"https:\/\/www.bevmat.eu\/bevmatshop\/wp-content\/uploads\/2022\/12\/db2-300x46.jpg 300w, https:\/\/www.bevmat.eu\/bevmatshop\/wp-content\/uploads\/2022\/12\/db2.jpg 521w\" sizes=\"auto, (max-width: 300px) 100vw, 300px\" \/><br \/>\n<a href=\"https:\/\/www.bevmat.eu\/bevmatshop\/wp-content\/uploads\/2022\/12\/Spezifikation-Isolierte-Stiefel-DB.pdf\">Spezifikation Isolierte Stiefel DB<\/a><\/p>\n<p>entspricht EN50321 |ASTM 1117 (20kV) | ASTM 2413 | SATRA TM144 | ISO 20347:2012 | ISO 203452011.<\/p>\n<p>in Gr\u00f6\u00dfen 39 bis 45 erh\u00e4ltlich<\/p>\n<p><img loading=\"lazy\" decoding=\"async\" src=\"https:\/\/www.bevmat.eu\/bevmatshop\/wp-content\/uploads\/2022\/11\/Sofamel1_colour-300x119.jpg\" alt=\"\" width=\"300\" height=\"119\" class=\"alignnone size-medium wp-image-18206\" srcset=\"https:\/\/www.bevmat.eu\/bevmatshop\/wp-content\/uploads\/2022\/11\/Sofamel1_colour-300x119.jpg 300w, https:\/\/www.bevmat.eu\/bevmatshop\/wp-content\/uploads\/2022\/11\/Sofamel1_colour-768x305.jpg 768w, https:\/\/www.bevmat.eu\/bevmatshop\/wp-content\/uploads\/2022\/11\/Sofamel1_colour-600x239.jpg 600w, https:\/\/www.bevmat.eu\/bevmatshop\/wp-content\/uploads\/2022\/11\/Sofamel1_colour.jpg 968w\" sizes=\"auto, (max-width: 300px) 100vw, 300px\" \/><\/p>\n<p>Hersteller: SOFAMEL<br \/>\nUrsprungsland: Spanien<br \/>\nDB2<\/p>\n","protected":false},"excerpt":{"rendered":"<p>Auftragsrabatt auf Anfrage!<\/p>\n","protected":false},"featured_media":19481,"template":"","meta":[],"product_brand":[],"product_cat":[336,358],"product_tag":[352,363,362,360,361],"class_list":{"0":"post-19518","1":"product","2":"type-product","3":"status-publish","4":"has-post-thumbnail","6":"product_cat-psa","7":"product_cat-schuhe","8":"product_tag-arbeitsschutz","9":"product_tag-class-2","10":"product_tag-klasse-2","11":"product_tag-schuhe","12":"product_tag-stiefel","14":"first","15":"instock","16":"taxable","17":"shipping-taxable","18":"product-type-simple"},"_links":{"self":[{"href":"https:\/\/www.bevmat.eu\/bevmatshop\/index.php?rest_route=\/wp\/v2\/product\/19518","targetHints":{"allow":["GET"]}}],"collection":[{"href":"https:\/\/www.bevmat.eu\/bevmatshop\/index.php?rest_route=\/wp\/v2\/product"}],"about":[{"href":"https:\/\/www.bevmat.eu\/bevmatshop\/index.php?rest_route=\/wp\/v2\/types\/product"}],"wp:featuredmedia":[{"embeddable":true,"href":"https:\/\/www.bevmat.eu\/bevmatshop\/index.php?rest_route=\/wp\/v2\/media\/19481"}],"wp:attachment":[{"href":"https:\/\/www.bevmat.eu\/bevmatshop\/index.php?rest_route=%2Fwp%2Fv2%2Fmedia&parent=19518"}],"wp:term":[{"taxonomy":"product_brand","embeddable":true,"href":"https:\/\/www.bevmat.eu\/bevmatshop\/index.php?rest_route=%2Fwp%2Fv2%2Fproduct_brand&post=19518"},{"taxonomy":"product_cat","embeddable":true,"href":"https:\/\/www.bevmat.eu\/bevmatshop\/index.php?rest_route=%2Fwp%2Fv2%2Fproduct_cat&post=19518"},{"taxonomy":"product_tag","embeddable":true,"href":"https:\/\/www.bevmat.eu\/bevmatshop\/index.php?rest_route=%2Fwp%2Fv2%2Fproduct_tag&post=19518"}],"curies":[{"name":"wp","href":"https:\/\/api.w.org\/{rel}","templated":true}]}}